 x(o) = -o**3 + 6*o**2 + 2*o - 9. Let v be x(6). Suppose -p = v*m - 46, 0*p + 4*m = 2*p - 42. List the prime factors of p.
31
Let v be -2 + (-1 - 12/(-4)). Suppose v = 4*p - 3*o - 121, -o = -0*o - 1. What are the prime factors of p?
31
Suppose -3*d = j - 19, -2*j + 5*d - 2 = 3*d. Suppose 14 = -j*k + 6*k. List the prime factors of k.
7
Let m = 12 + -3. Suppose 3*r = -r + 5*t + m, 0 = r + 5*t + 4. What are the prime factors of (r - 9/4)*-4?
5
Let d(z) = -z**2 + 9*z - 8. Let n be d(7). Let g = n - 8. What are the prime factors of (8 - 7)/(g/(-26))?
13
Let m(i) = i**3 - 2*i**2. Let o be m(2). Suppose -2*n + 63 = 5*w, o*w + 4*w = -4*n + 60. List the prime factors of w.
11
Suppose a + a = 12. Suppose -60 = -5*b + k, -4*b - 4*k + 49 = -5*k. Let u = b - a. List the prime factors of u.
5
Suppose 0 = -10*b + 11*b - 59. List the prime factors of b.
59
Let m(l) = 2*l + 5. Let g(v) = v + 4. Let x(j) = -3*g(j) + 2*m(j). Let u be x(7). Suppose 3*w - 17 + u = -3*r, 5*r - 12 = -w. What are the prime factors of r?
2
What are the prime factors of 90 + 3 + (-5 - -2)?
2, 3, 5
Suppose -4*d = d. Let h(k) = k**3 + 3*k**2 - 5*k - 4. Let x be h(-4). Suppose d*a + a - 11 = x. List the prime factors of a.
11
What are the prime factors of ((-8)/2 - -1)*-27?
3
Suppose 2*d - 34 = -3*c + 3*d, -5*d - 38 = -4*c. Let a = -8 + c. List the prime factors of a.
2
Suppose 0 = 2*o - r + 4 + 3, -3*o - 2*r = -7. List the prime factors of -1 - -2 - o - -11.
13
Suppose -5*y - 4*b - b = -1310, 0 = -5*y - b + 1298. What are the prime factors of y?
7, 37
Suppose -n - 3*n - l = -75, 5*n - 90 = -2*l. What are the prime factors of n?
2, 5
Suppose s + 3*s = 0. Let z = 7 + s. Suppose 3*u + 15 = z*u + 3*w, -4*w + 16 = 4*u. List the prime factors of u.
3
Let q be 2*(-2)/(4/3). List the prime factors of (-23 + 5)*q/2.
3
List the prime factors of (12/12)/(1/182).
2, 7, 13
Suppose 4*u - 7*u + 54 = 0. What are the prime factors of (-27)/u + (-19)/(-2)?
2
Let t be 3/((-6)/(-4))*4. Suppose 0 = 5*x - t + 23. What are the prime factors of -1 - x/((-3)/(-4))?
3
Let s be 7 + -1 - (-3 - -5). Suppose -d = 1, -3*p + d = 3*d - s. List the prime factors of p + -2 + 2*4.
2
Let s be (-4)/(-1 - (-2)/6). Suppose -s*u + 2*u = -48. What are the prime factors of u?
2, 3
Let d(n) = 92*n**2 + 4*n + 3. List the prime factors of d(-1).
7, 13
Let l = 18 - -20. List the prime factors of l.
2, 19
Suppose 20 = 4*z - 6*z. Suppose -4*q + 59 = -2*j - 33, -2*j - 5*q - 47 = 0. List the prime factors of 30/9*j/z.
2, 3
Suppose 0 = 3*h + 15, z + 2*h = -0*z + 11. List the prime factors of z.
3, 7
Suppose 4*c + 244 = 2*m, -3*m + 372 = 4*c + 36. What are the prime factors of m?
2, 29
Let n(h) = -h - 5*h + 3*h - 6. Let b(p) = -p**3 - 9*p**2 - 5. Let g be b(-9). What are the prime factors of n(g)?
3
List the prime factors of 4/1 - (4 + (8 - 59)).
3, 17
Let f be ((-25)/(-3))/(2/6). Suppose 4*v - f = 3. What are the prime factors of v?
7
Let j = -3 - -5. Let o be (16/(-10))/(j/10). Let x = -6 - o. What are the prime factors of x?
2
Suppose -1 = -w + 5. Suppose -r + w = 2*r. What are the prime factors of r?
2
Suppose -2 = -3*f + 13. List the prime factors of f.
5
Let b(l) = l + 14. Let f be b(-12). Suppose -f*u + 88 = 2*c + 30, 2*c = 4*u - 92. What are the prime factors of u?
5
What are the prime factors of (-106)/((-4 - -2)*1)?
53
Let u = 6 - 12. Let r = 2 - u. What are the prime factors of r?
2
Suppose -2 + 6 = -4*v. What are the prime factors of (1/2)/(v/(-64))?
2
Let g be 3/(9/21) - 3. Suppose -64 - 16 = -g*k. What are the prime factors of k?
2, 5
Let d be 1/(3 + (-64)/20). Let n = d + 8. List the prime factors of n.
3
Let i = -18 - -40. Let v = -39 + i. Let y = 28 + v. What are the prime factors of y?
11
Suppose -5*w = -d - 206, 0 = -3*d - 3 - 0. What are the prime factors of w?
41
Suppose 0 = -2*m - m + 3*q - 9, -3*q = -15. List the prime factors of m.
2
Let b(n) = -n**3 + 5*n**2 - 4*n + 5. Suppose -4*i + 3*i + 4 = 0. What are the prime factors of b(i)?
5
Suppose 3*j - 3 = 3. Suppose j*n + 5*b - 20 = 6, 13 = -n + 4*b. Suppose 2*g + 3*u - 28 = -2*u, g = 3*u + n. List the prime factors of g.
3
Let v(c) = -2*c**2 - 9*c + 6. Let h be v(6). List the prime factors of (6/(-4))/(18/h).
2, 5
Let p(r) = 13*r**2 + r + 1. Let m be p(-1). Let w = -6 + m. What are the prime factors of w?
7
Let i be ((-2)/(-2))/((-1)/(-5)). Let p(k) = 2*k**2 - 3*k + 1. Let f be p(5). Suppose x - 2*b - f = -4*x, -i*x - 5*b = -15. What are the prime factors of x?
2, 3
Let i = 57 - 41. List the prime factors of i.
2
Let g = 1 - 3. Let m be g/6 - (-10)/30. Suppose 2*u - 18 = 2*b - 4*b, m = 2*b - 2*u - 34. List the prime factors of b.
13
Let f(y) be the third derivative of 0 + 0*y + 1/6*y**3 - 1/20*y**5 + 1/40*y**6 + 1/12*y**4 - 3*y**2. What are the prime factors of f(2)?
17
Let f(u) = -1. Let p(h) = -6*h**2 + h - 4. Let w(c) = 5*f(c) - p(c). What are the prime factors of w(-1)?
2, 3
Let c(s) = s**3 - 9*s**2 + s + 9. Suppose 4*p = -16, 29 = 3*v + 2*v + 4*p. List the prime factors of c(v).
2, 3
Suppose -v + 6*v - 25 = 4*g, -5 = g. Let b = 4 - v. Suppose -2*z - 3*w = -30, 61 = 2*z + b*z + 4*w. List the prime factors of z.
3
What are the prime factors of ((-5)/2)/(25/(-60))?
2, 3
Suppose -5*s = -3*j + 2*j - 130, -104 = -4*s - 3*j. Suppose -12 - s = -2*i. List the prime factors of i.
19
What are the prime factors of ((-20)/3)/(8/(-36))?
2, 3, 5
Suppose -4*i - 10 = -9*i. Suppose -i*x - 4*n + 8 = -16, -2*x + 3*n + 38 = 0. What are the prime factors of x?
2
Let t = 15 - 15. Suppose -6*u = -u - 45. Let h = u - t. List the prime factors of h.
3
Let n(v) = 10*v**2 - 5*v + 3. Let y be n(5). List the prime factors of (-4)/(-10) - y/(-30).
2
Let n(p) = -p - 4. Let f be (-2)/(-3) + 87/(-9). Let z be n(f). Suppose 2*h + z*x - 27 = -h, 3*h = -x + 15. List the prime factors of h.
2
Let n(u) = 13*u - 2. Let c(w) = -27*w + 5. Let x(p) = -3*c(p) - 5*n(p). What are the prime factors of x(3)?
43
Let y be -1 - -4*(2 - 9). Let k = 41 + y. What are the prime factors of k?
2, 3
Let s = -4 - -7. Suppose 0*g - 4*g = -48. Suppose 5*k + 11 = s*u - 0*k, -g = -4*u + 4*k. List the prime factors of u.
2
Suppose o = -0*n - n + 13, -2*o + 10 = 0. What are the prime factors of n?
2
Suppose -12 - 14 = 5*l - 4*h, 12 = 2*l + 4*h. Let b = 0 - l. Suppose 0 = -2*q + n, 2*n = 4*q - b*n + 8. What are the prime factors of q?
2
List the prime factors of 145/3 - (-8)/12.
7
Let s = 4 + -2. Suppose -3*h - 3*q + 13 = -s*q, -4*h = -q - 15. What are the prime factors of h?
2
Let y(g) = -1 + g + 1 + 1 - 2. Let z be y(4). Suppose 5*c - z*c - 30 = 0. List the prime factors of c.
3, 5
Suppose 298 = h + 115. What are the prime factors of h?
3, 61
Suppose 4*b - 170 = -2*g, 4*g - 3*b + b = 380. List the prime factors of g.
3, 31
Let n(w) = -w**2 + 4*w - 1. Let g(p) = -2*p**2 + 3*p. Let i(x) = -3*g(x) + 2*n(x). What are the prime factors of i(-2)?
2
Suppose -i + 3*i = -4, -4*i = 5*j - 32. What are the prime factors of j?
2
Suppose -98 = -3*n + n. List the prime factors of n.
7
Let d(t) = -t + 12. Let k be d(8). Let v(q) = q**2 - q + 16. Let a be v(0). Let r = a - k. List the prime factors of r.
2, 3
Let o(k) = k**3 + 2*k**2 - 2*k - 3. Let y be o(-3). Let m(t) = -2*t + 5. What are the prime factors of m(y)?
17
Let c(y) = y**2 + 9*y + 10. What are the prime factors of c(-8)?
2
Let q(s) = s**3 + 7*s**2 + 6*s + 2. Let p be q(-6). Suppose -p*t - 3*u = -8 + 19, 0 = -4*t - 4*u - 16. Let r = t - -16. List the prime factors of r.
3, 5
Let t = -3 - -7. Suppose -t*u + 0*u = -80. List the prime factors of u.
2, 5
Suppose -4*d + 284 + 144 = 0. What are the prime factors of d?
107
Let b(d) = d**2 + 5*d + 1. Let l be b(-3). Let g = l + 24. List the prime factors of g.
19
Suppose -7*s = -2*s - 5. Let t = 2 - s. Let p = 5 - t. List the prime factors of p.
2
Let q(j) = -2*j - 7. Suppose -4*l - 22 = -g, 4*l = 2*l + 2*g - 14. Let x be q(l). Suppose 0 = -x*b + 7*b - 24. What are the prime factors of b?
2, 3
Suppose -3*l = 3*l - 744. List the prime factors of l.
2, 31
Suppose 4*f + 18 = 198. List the prime factors of f.
3, 5
Let l(h) = -h**3 - 16*h**2 - 31*h - 24. List the prime factors of l(-15).
2, 3
Let l(t) = t**2 + 14*t + 14. Let w be l(-13). Let g be (-2 - w)/(6/(-20)). What are the prime factors of (g/15)/((-1)/(-6))?
2
Let o = 99 - 63. List 